reatest common factor of 657 and 61539?
219
Calculate the highest common factor of 243525 and 17.
17
Calculate the greatest common factor of 212 and 1548872.
212
What is the greatest common divisor of 1342 and 8232499?
671
Calculate the greatest common factor of 90550 and 50.
50
What is the greatest common divisor of 79 and 72601?
79
What is the greatest common divisor of 228 and 215631?
57
Calculate the greatest common divisor of 386145 and 90.
45
What is the highest common factor of 26 and 414882?
26
Calculate the greatest common divisor of 6935 and 29565.
365
Calculate the greatest common divisor of 28658 and 483.
161
What is the highest common divisor of 4958 and 1206?
134
Calculate the greatest common divisor of 8875 and 6958.
71
What is the greatest common factor of 408 and 60792?
408
Calculate the greatest common divisor of 7605 and 213.
3
What is the greatest common factor of 23157 and 2201?
31
Calculate the greatest common factor of 127791 and 243.
27
Calculate the highest common divisor of 25559 and 61.
61
Calculate the highest common factor of 35 and 219095.
5
Calculate the greatest common factor of 50157 and 33.
3
What is the highest common divisor of 4826 and 1102?
38
Calculate the highest common divisor of 100 and 13425.
25
Calculate the highest common divisor of 5629 and 6734.
13
What is the highest common factor of 1463972 and 17?
17
What is the highest common factor of 34 and 1975009?
17
Calculate the greatest common factor of 231774 and 114.
6
What is the greatest common divisor of 192782 and 82?
82
Calculate the greatest common divisor of 128 and 875456.
64
Calculate the greatest common divisor of 936877 and 37.
37
What is the highest common divisor of 680 and 443224?
136
What is the highest common factor of 2255 and 64955?
55
What is the highest common divisor of 54119 and 5135?
13
Calculate the greatest common factor of 875816 and 664.
664
Calculate the greatest common divisor of 16464 and 192.
48
What is the highest common divisor of 12431 and 51328?
401
Calculate the highest common factor of 40 and 2770.
10
What is the highest common divisor of 278 and 1970047?
139
What is the greatest common factor of 225 and 3939?
3
What is the highest common divisor of 5260 and 336114?
526
Calculate the greatest common divisor of 67613 and 182.
91
What is the highest common factor of 213555 and 15?
15
What is the highest common divisor of 329172 and 396?
12
Calculate the greatest common factor of 9047 and 498.
83
Calculate the highest common factor of 3246 and 27.
3
Calculate the highest common divisor of 228 and 38228.
76
What is the highest common divisor of 561 and 117402?
51
What is the greatest common divisor of 707 and 4571?
7
What is the highest common factor of 19 and 1203?
1
Calculate the highest common divisor of 36046 and 23134.
538
What is the highest common factor of 78772 and 5546?
94
What is the highest common factor of 8421 and 357?
21
What is the highest common divisor of 2812 and 36860?
76
Calculate the greatest common divisor of 8 and 1016632.
8
What is the highest common factor of 1135492 and 8?
4
Calculate the highest common factor of 7974 and 661399.
443
Calculate the highest common factor of 22715 and 108383.
649
Calculate the highest common divisor of 820 and 7995.
205
What is the highest common divisor of 34036 and 24892?
508
What is the highest common factor of 3465 and 35497?
77
What is the highest common factor of 60 and 6690?
30
Calculate the greatest common factor of 297333 and 9.
9
Calculate the highest common divisor of 18327 and 861.
123
What is the highest common factor of 122094 and 81?
27
What is the greatest common divisor of 3362 and 76506?
82
What is the highest common factor of 459 and 6?
3
Calculate the highest common divisor of 180 and 625680.
180
What is the highest common divisor of 768 and 711456?
96
Calculate the highest common divisor of 129696 and 24.
24
Calculate the highest common divisor of 651 and 8184.
93
What is the highest common divisor of 192 and 1926?
6
Calculate the greatest common divisor of 50059 and 4859.
113
Calculate the greatest common divisor of 47912 and 61924.
452
Calculate the greatest common divisor of 32749 and 3.
1
Calculate the greatest common factor of 28 and 31444.
28
Calculate the highest common factor of 60 and 6144.
12
Calculate the highest common factor of 210 and 694470.
210
Calculate the highest common divisor of 6427830 and 2004.
1002
What is the highest common divisor of 1219 and 1961?
53
What is the highest common divisor of 74534 and 2822?
166
What is the greatest common factor of 77980 and 56?
28
Calculate the highest common divisor of 12835 and 23375.
85
What is the greatest common divisor of 12663 and 243?
27
Calculate the highest common factor of 464 and 2772632.
232
What is the highest common divisor of 62699 and 14098?
371
Calculate the greatest common factor of 234491 and 681.
227
Calculate the greatest common factor of 11 and 382283.
11
Calculate the greatest common divisor of 51591 and 29.
29
What is the greatest common factor of 1321313 and 217?
217
What is the highest common divisor of 71448 and 1014?
78
Calculate the highest common divisor of 1232 and 5.
1
What is the highest common divisor of 32 and 598?
2
Calculate the highest common divisor of 35 and 10240.
5
What is the greatest common divisor of 3652 and 62748?
332
What is the highest common divisor of 3652 and 33?
11
Calculate the greatest common divisor of 11352 and 1376.
344
Calculate the greatest common factor of 4149 and 10142.
461
What is the highest common factor of 165 and 4059?
33
Calculate the greatest common factor of 265 and 489190.
265
Calculate the greatest common factor of 29674 and 11988.
74
Calculate the highest common divisor of 68448 and 6.
6
What is the highest common divisor of 12 and 24042?
6
What is the highest common divisor of 6956 and 6364?
148
What is the greatest common divisor of 7902 and 1278?
18
Calculate the greatest common divisor of 4990 and 128742.
998
What is the highest common factor of 15622 and 10147?
73
Calculate the highest common factor of 296 and 514892.
148
Calculate the highest common factor of 165 and 15735.
15
What is the greatest common factor of 159744 and 390?
78
What is the greatest common divisor of 1851 and 143761?
617
Calculate the highest common factor of 1287 and 58487.
143
What is the highest common factor of 60 and 25815?
15
Calculate the highest common factor of 50 and 887600.
50
What is the greatest common factor of 21576 and 651?
93
What is the greatest common factor of 4275 and 4180?
95
What is the highest common factor of 42 and 88893?
21
Calculate the highest common factor of 4859 and 19549.
113
Calculate the greatest common divisor of 7729 and 26963.
59
Calculate the greatest common divisor of 453 and 85919.
151
Calculate the greatest common divisor of 1399392 and 3.
3
What is the greatest common divisor of 18120 and 648?
24
What is the greatest common divisor of 196947 and 158?
79
Calculate the highest common divisor of 1621095 and 30.
15
What is the highest common factor of 25159 and 13937?
181
What is the greatest common factor of 7216 and 2376?
88
Calculate the highest common factor of 45141 and 984.
123
What is the greatest common factor of 259897 and 33?
11
What is the greatest common factor of 7 and 241577?
7
What is the greatest common divisor of 900 and 272430?
90
What is the greatest common divisor of 11 and 172557?
11
What is the greatest common divisor of 4403312 and 48?
16
What is the highest common factor of 458293 and 3415?
683
What is the greatest common factor of 10695 and 3720?
465
What is the greatest common divisor of 4 and 245840?
4
Calculate the greatest common factor of 76 and 5128.
4
Calculate the highest common divisor of 2980 and 51080.
20
Calculate the greatest common divisor of 330939 and 15862.
721
Calculate the highest common factor of 203 and 224.
7
Calculate the greatest common factor of 30 and 3226300.
10
What is the highest common factor of 40 and 15160?
40
Calculate the greatest common divisor of 27300 and 196.
28
What is the highest common factor of 2656236 and 12?
12
What is the highest common factor of 10544 and 416?
16
What is the highest common divisor of 78470 and 2090?
190
C